{"id":2696,"date":"2025-09-08T14:15:52","date_gmt":"2025-09-08T14:15:52","guid":{"rendered":"https:\/\/www.ben-arous.com\/?page_id=2696"},"modified":"2025-10-04T02:08:18","modified_gmt":"2025-10-04T02:08:18","slug":"articles-immobilier-ben-arous","status":"publish","type":"page","link":"https:\/\/www.ben-arous.com\/immo\/articles-immobilier-ben-arous\/","title":{"rendered":"Articles et Actualit\u00e9s"},"content":{"rendered":"\n<p><a href=\"https:\/\/www.ben-arous.com\/immo\/immobiliers\/ben-arous-articles\/\"><strong>Ben Arous Articles<\/strong><\/a><\/p>\n\n\n\n<h2 class=\"wp-block-heading\">Articles Immobili\u00e8res <\/h2>\n\n\n\n<p><a href=\"https:\/\/www.ben-arous.com\/immo\/immobiliers\/immobilier-ben-arous\/immobilier-nouvelle-medina\/\">Immobilier Medina Jedida<\/a><\/p>\n\n\n\n<p><a href=\"https:\/\/www.ben-arous.com\/immo\/immobiliers\/immobilier-ben-arous\/immobilier-mohamedia\/\">Immobilier Mohamedia<\/a><\/p>\n\n\n\n<p><a href=\"https:\/\/www.ben-arous.com\/immo\/immobiliers\/immobilier-ben-arous\/immobilier-hammam-lif\/\">Immobilier Hammam Lif<\/a><\/p>\n\n\n\n<p><a href=\"https:\/\/www.ben-arous.com\/immo\/immobiliers\/immobilier-ben-arous\/immobilier-hammam-chott\/\">Immobilier Hammam Chott<\/a><\/p>\n\n\n\n<p><a href=\"https:\/\/www.ben-arous.com\/immo\/immobiliers\/immobilier-ben-arous\/immobilier-fouchana\/\">Immobilier Fouchana<\/a><\/p>\n\n\n\n<p><a href=\"https:\/\/www.ben-arous.com\/immo\/immobiliers\/immobilier-ben-arous\/immobilier-el-mourouj\/\">Immobilier El Mourouj<\/a><\/p>\n\n\n\n<p><a href=\"https:\/\/www.ben-arous.com\/immo\/immobiliers\/immobilier-ben-arous\/immobilier-boumhel-el-bassatine\/\">Immobilier BouMhel el-Bassatine<\/a><\/p>\n\n\n\n<p><a href=\"https:\/\/www.ben-arous.com\/immo\/immobiliers\/immobilier-ben-arous\/immobilier-borj-cedria\/\">Immobilier Borj C\u00e9dria<\/a><\/p>\n\n\n\n<p><a href=\"https:\/\/www.ben-arous.com\/immo\/immobiliers\/immobilier-ben-arous\/\">immobilier Ben Arous<\/a><\/p>\n\n\n\n<p><a href=\"https:\/\/www.ben-arous.com\/immo\/immobiliers\/immobilier-ben-arous\/immobilier-ezzahra\/\">immobilier Ezzahra<\/a><\/p>\n\n\n\n<p><a href=\"https:\/\/www.ben-arous.com\/immo\/immobiliers\/immobilier-ben-arous\/immobilier-mornag\/\">immobilier Mornag<\/a><\/p>\n\n\n\n<p><a href=\"https:\/\/www.ben-arous.com\/immo\/immobiliers\/immobilier-ben-arous\/immobilier-ben-arous-ville\/\">Immobilier Ben Arous Ville<\/a><\/p>\n\n\n\n<p><a href=\"https:\/\/www.ben-arous.com\/immo\/immobiliers\/immobilier-ben-arous\/immobilier-rades\/\">Immobilier Rad\u00e8s<\/a><\/p>\n\n\n\n<p><a href=\"https:\/\/www.ben-arous.com\/immo\/immobiliers\/immobilier-ben-arous\/immobilier-megrine\/\">Immobilier M\u00e9grine<\/a><\/p>\n\n\n\n<p><\/p>\n","protected":false},"excerpt":{"rendered":"<p>Ben Arous Articles Articles Immobili\u00e8res Immobilier Medina Jedida Immobilier Mohamedia Immobilier Hammam Lif Immobilier Hammam Chott Immobilier Fouchana Immobilier El Mourouj Immobilier BouMhel el-Bassatine Immobilier Borj C\u00e9dria immobilier Ben Arous immobilier Ezzahra immobilier Mornag Immobilier Ben Arous Ville Immobilier Rad\u00e8s Immobilier M\u00e9grine<\/p>\n","protected":false},"author":28,"featured_media":2783,"parent":0,"menu_order":0,"comment_status":"closed","ping_status":"closed","template":"","meta":{"footnotes":""},"class_list":["post-2696","page","type-page","status-publish","has-post-thumbnail","hentry"],"yoast_head":"<!-- This site is optimized with the Yoast SEO plugin v27.4 - https:\/\/yoast.com\/product\/yoast-seo-wordpress\/ -->\n<title>Articles et Actualit\u00e9s - Immobilier Ben Arous<\/title>\n<meta name=\"robots\" content=\"index, follow, max-snippet:-1, max-image-preview:large, max-video-preview:-1\" \/>\n<link rel=\"canonical\" href=\"https:\/\/www.ben-arous.com\/immo\/articles-immobilier-ben-arous\/\" \/>\n<meta property=\"og:locale\" content=\"fr_FR\" \/>\n<meta property=\"og:type\" content=\"article\" \/>\n<meta property=\"og:title\" content=\"Articles et Actualit\u00e9s - Immobilier Ben Arous\" \/>\n<meta property=\"og:description\" content=\"Ben Arous Articles Articles Immobili\u00e8res Immobilier Medina Jedida Immobilier Mohamedia Immobilier Hammam Lif Immobilier Hammam Chott Immobilier Fouchana Immobilier El Mourouj Immobilier BouMhel el-Bassatine Immobilier Borj C\u00e9dria immobilier Ben Arous immobilier Ezzahra immobilier Mornag Immobilier Ben Arous Ville Immobilier Rad\u00e8s Immobilier M\u00e9grine\" \/>\n<meta property=\"og:url\" content=\"https:\/\/www.ben-arous.com\/immo\/articles-immobilier-ben-arous\/\" \/>\n<meta property=\"og:site_name\" content=\"Immobilier Ben Arous\" \/>\n<meta property=\"article:modified_time\" content=\"2025-10-04T02:08:18+00:00\" \/>\n<meta property=\"og:image\" content=\"https:\/\/www.ben-arous.com\/immo\/wp-content\/uploads\/2025\/09\/ben-arous-articles.jpg\" \/>\n\t<meta property=\"og:image:width\" content=\"1027\" \/>\n\t<meta property=\"og:image:height\" content=\"361\" \/>\n\t<meta property=\"og:image:type\" content=\"image\/jpeg\" \/>\n<meta name=\"twitter:card\" content=\"summary_large_image\" \/>\n<meta name=\"twitter:label1\" content=\"Dur\u00e9e de lecture estim\u00e9e\" \/>\n\t<meta name=\"twitter:data1\" content=\"1 minute\" \/>\n<!-- \/ Yoast SEO plugin. -->","yoast_head_json":{"title":"Articles et Actualit\u00e9s - Immobilier Ben Arous","robots":{"index":"index","follow":"follow","max-snippet":"max-snippet:-1","max-image-preview":"max-image-preview:large","max-video-preview":"max-video-preview:-1"},"canonical":"https:\/\/www.ben-arous.com\/immo\/articles-immobilier-ben-arous\/","og_locale":"fr_FR","og_type":"article","og_title":"Articles et Actualit\u00e9s - Immobilier Ben Arous","og_description":"Ben Arous Articles Articles Immobili\u00e8res Immobilier Medina Jedida Immobilier Mohamedia Immobilier Hammam Lif Immobilier Hammam Chott Immobilier Fouchana Immobilier El Mourouj Immobilier BouMhel el-Bassatine Immobilier Borj C\u00e9dria immobilier Ben Arous immobilier Ezzahra immobilier Mornag Immobilier Ben Arous Ville Immobilier Rad\u00e8s Immobilier M\u00e9grine","og_url":"https:\/\/www.ben-arous.com\/immo\/articles-immobilier-ben-arous\/","og_site_name":"Immobilier Ben Arous","article_modified_time":"2025-10-04T02:08:18+00:00","og_image":[{"width":1027,"height":361,"url":"https:\/\/www.ben-arous.com\/immo\/wp-content\/uploads\/2025\/09\/ben-arous-articles.jpg","type":"image\/jpeg"}],"twitter_card":"summary_large_image","twitter_misc":{"Dur\u00e9e de lecture estim\u00e9e":"1 minute"},"schema":{"@context":"https:\/\/schema.org","@graph":[{"@type":"WebPage","@id":"https:\/\/www.ben-arous.com\/immo\/articles-immobilier-ben-arous\/","url":"https:\/\/www.ben-arous.com\/immo\/articles-immobilier-ben-arous\/","name":"Articles et Actualit\u00e9s - Immobilier Ben Arous","isPartOf":{"@id":"https:\/\/www.ben-arous.com\/immo\/#website"},"primaryImageOfPage":{"@id":"https:\/\/www.ben-arous.com\/immo\/articles-immobilier-ben-arous\/#primaryimage"},"image":{"@id":"https:\/\/www.ben-arous.com\/immo\/articles-immobilier-ben-arous\/#primaryimage"},"thumbnailUrl":"https:\/\/www.ben-arous.com\/immo\/wp-content\/uploads\/2025\/09\/ben-arous-articles.jpg","datePublished":"2025-09-08T14:15:52+00:00","dateModified":"2025-10-04T02:08:18+00:00","breadcrumb":{"@id":"https:\/\/www.ben-arous.com\/immo\/articles-immobilier-ben-arous\/#breadcrumb"},"inLanguage":"fr-FR","potentialAction":[{"@type":"ReadAction","target":["https:\/\/www.ben-arous.com\/immo\/articles-immobilier-ben-arous\/"]}]},{"@type":"ImageObject","inLanguage":"fr-FR","@id":"https:\/\/www.ben-arous.com\/immo\/articles-immobilier-ben-arous\/#primaryimage","url":"https:\/\/www.ben-arous.com\/immo\/wp-content\/uploads\/2025\/09\/ben-arous-articles.jpg","contentUrl":"https:\/\/www.ben-arous.com\/immo\/wp-content\/uploads\/2025\/09\/ben-arous-articles.jpg","width":1027,"height":361},{"@type":"BreadcrumbList","@id":"https:\/\/www.ben-arous.com\/immo\/articles-immobilier-ben-arous\/#breadcrumb","itemListElement":[{"@type":"ListItem","position":1,"name":"Accueil","item":"https:\/\/www.ben-arous.com\/immo\/"},{"@type":"ListItem","position":2,"name":"Articles et Actualit\u00e9s"}]},{"@type":"WebSite","@id":"https:\/\/www.ben-arous.com\/immo\/#website","url":"https:\/\/www.ben-arous.com\/immo\/","name":"Immobilier Ben Arous","description":"Immobilier Ben Arous","publisher":{"@id":"https:\/\/www.ben-arous.com\/immo\/#organization"},"alternateName":"Immobilier Ben Arous","potentialAction":[{"@type":"SearchAction","target":{"@type":"EntryPoint","urlTemplate":"https:\/\/www.ben-arous.com\/immo\/?s={search_term_string}"},"query-input":{"@type":"PropertyValueSpecification","valueRequired":true,"valueName":"search_term_string"}}],"inLanguage":"fr-FR"},{"@type":"Organization","@id":"https:\/\/www.ben-arous.com\/immo\/#organization","name":"Immobilier Ben Arous","url":"https:\/\/www.ben-arous.com\/immo\/","logo":{"@type":"ImageObject","inLanguage":"fr-FR","@id":"https:\/\/www.ben-arous.com\/immo\/#\/schema\/logo\/image\/","url":"https:\/\/www.ben-arous.com\/immo\/wp-content\/uploads\/2025\/08\/cropped-ben-arous-immobilier-favicon.png","contentUrl":"https:\/\/www.ben-arous.com\/immo\/wp-content\/uploads\/2025\/08\/cropped-ben-arous-immobilier-favicon.png","width":512,"height":512,"caption":"Immobilier Ben Arous"},"image":{"@id":"https:\/\/www.ben-arous.com\/immo\/#\/schema\/logo\/image\/"}}]}},"_links":{"self":[{"href":"https:\/\/www.ben-arous.com\/immo\/wp-json\/wp\/v2\/pages\/2696","targetHints":{"allow":["GET"]}}],"collection":[{"href":"https:\/\/www.ben-arous.com\/immo\/wp-json\/wp\/v2\/pages"}],"about":[{"href":"https:\/\/www.ben-arous.com\/immo\/wp-json\/wp\/v2\/types\/page"}],"author":[{"embeddable":true,"href":"https:\/\/www.ben-arous.com\/immo\/wp-json\/wp\/v2\/users\/28"}],"replies":[{"embeddable":true,"href":"https:\/\/www.ben-arous.com\/immo\/wp-json\/wp\/v2\/comments?post=2696"}],"version-history":[{"count":3,"href":"https:\/\/www.ben-arous.com\/immo\/wp-json\/wp\/v2\/pages\/2696\/revisions"}],"predecessor-version":[{"id":6069,"href":"https:\/\/www.ben-arous.com\/immo\/wp-json\/wp\/v2\/pages\/2696\/revisions\/6069"}],"wp:featuredmedia":[{"embeddable":true,"href":"https:\/\/www.ben-arous.com\/immo\/wp-json\/wp\/v2\/media\/2783"}],"wp:attachment":[{"href":"https:\/\/www.ben-arous.com\/immo\/wp-json\/wp\/v2\/media?parent=2696"}],"curies":[{"name":"wp","href":"https:\/\/api.w.org\/{rel}","templated":true}]}}